 divided by 190?
1
Suppose 3*y = 9, -s + 3*y - 2*y = 105. Let o = s - -107. What is the remainder when 27 is divided by o?
2
Let s(d) = 3*d**2 - d + 1. Suppose -18*w + 15*w = -12. Suppose 4*m + a = w, m = -a + 2*a + 6. Calculate the remainder when s(m) is divided by 4.
3
Let m = 18 + -13. Let r = -5 + m. Suppose r = -5*q + 32 + 13. Calculate the remainder when 25 is divided by q.
7
Let w = -470 - -545. Calculate the remainder when 221 is divided by w.
71
Suppose -r + 5*l + 0 = -4, 0 = r - l - 8. Let q(k) = -18*k - 2. Let x = -2 - 0. What is the remainder when q(x) is divided by r?
7
Calculate the remainder when 47 is divided by (104/(-6))/(-2)*(-67 - -70).
21
Let z = 72 + -30. Let c be 12/(-20) - 8/(320/(-344)). Suppose -j + 3*i = -c, -3*j - i + z + 12 = 0. What is the remainder when 31 is divided by j?
14
Suppose -13*w + 16*w - 21 = 0. Let a(c) = -3*c + 24. Calculate the remainder when 8 is divided by a(w).
2
Suppose -4*c = -206 + 186. Suppose 22*h - 782 = c*h. What is the remainder when 137 is divided by h?
45
Suppose -4*n + 47 = j, 5*n - 4*j - 42 = 43. Let q = n + -13. Suppose -5*h - 3 + 48 = q. What is the remainder when 17 is divided by h?
8
Suppose 0 = -28*q + 369 + 107. Calculate the remainder when 66 is divided by q.
15
Let n(a) = -3*a - 7 + 6 + 2*a + 7. What is the remainder when 47 is divided by n(-19)?
22
Suppose 0 = -2*v + 31 - 9. Let l(a) = a - 5. Let u be l(20). Suppose -u*r + 16*r = 21. Calculate the remainder when r is divided by v.
10
Suppose 4*n - 2*m = m + 990, 0 = -3*n + m + 740. What is the remainder when n is divided by 63?
57
Suppose 0 = -4*j + 5*j - 78. Calculate the remainder when 35 is divided by (j/(-4))/3*-2.
9
Let u(f) = f**2 - f - 1. Let h be u(0). Let x be -20*((-28)/20 - h). Suppose 0 = -x*z + z + 574. What is the remainder when z is divided by 28?
26
Let d(f) be the third derivative of -5*f**4/24 - 5*f**3/6 + f**2. Let s be d(-7). Suppose s = 6*o - o. What is the remainder when 16 is divided by o?
4
Let h be 2/(-4) + -1*114/(-4). Let f = h + -14. Calculate the remainder when f is divided by -6*(-2)/4 - -1.
2
Suppose -4*i + 47 = -17. Let m(w) = 2*w**2 - 6*w - 2. Let j be m(-5). Calculate the remainder when (-12)/j + (-1215)/(-39) is divided by i.
15
Let y = 11 + 4. Suppose -y*d - 11 = -16*d. Let q = 66 - 47. Calculate the remainder when q is divided by d.
8
Suppose -o - 7 = -234. Calculate the remainder when o is divided by 33.
29
Suppose 0 = -0*t + 2*t - 10. Suppose w - 87 = -t*m, 3*m - 68 = -4*w - 26. Calculate the remainder when 70 is divided by m.
16
Suppose 0 = l - 4*f - 33, 5*l = -f + 3*f + 183. Suppose -5*a + 10 = -3*a. Suppose y = a*y - 40. What is the remainder when l is divided by y?
7
Suppose d - 5*j = 98, -3*j - 809 + 253 = -5*d. Let f = -556 - -594. Calculate the remainder when d is divided by f.
37
What is the remainder when 6 is divided by (-4)/34 + 2436/476?
1
Suppose 11*v = -20*v + 4247. Calculate the remainder when v is divided by 28.
25
Let l(u) = -u**3 + 11*u**2 - 3*u + 38. Let z be l(11). Suppose 41 = i - p, -3*p = z*i + 2*p - 165. What is the remainder when 72 is divided by i?
35
Suppose 0*h = -3*h + 2*z + 8, -5*h + z + 18 = 0. Suppose -h*r - 2*f = 3*f - 57, 4*r - 55 = -3*f. Let s = 58 - 9. Calculate the remainder when s is divided by r.
10
Suppose v - 6*v + 125 = 4*f, 58 = 2*f + 4*v. What is the remainder when 103 is divided by f?
33
Suppose -12*b = -7*b - 20. Suppose -b*n = 2*a - 80, -n + 4*a = -0*n - 11. What is the remainder when n is divided by 11?
8
Let h(i) = -8*i**3 - 2*i**2 + 5*i + 4. What is the remainder when h(-3) is divided by 9?
7
Suppose 0 = 1243*t - 1236*t - 70. Calculate the remainder when 52 is divided by t.
2
Suppose 2*b - 80 = 10. What is the remainder when 88 is divided by b?
43
Suppose -4*w - 2*q + 11 = -q, 2*q + 8 = 2*w. Suppose 0 = w*r - 136 - 98. What is the remainder when r is divided by 8?
6
Suppose 54*l + w = 55*l - 40, 0 = l + 4*w - 55. Let p = 39 - 23. What is the remainder when l is divided by p?
11
Suppose 0*b = b. Suppose -8*n + 13*n - 45 = b. Suppose -n*q = -4*q - 60. What is the remainder when 21 is divided by q?
9
Suppose -3*u + 1 = 7, 2*y - 4*u - 16 = 0. Suppose -5*d = 4*j - 141, -j + 41 = y*d - 8. Calculate the remainder when 56 is divided by j.
27
Let d = 13 + 19. Calculate the remainder when (-11*(-6)/264)/((-2)/(-1016)) is divided by d.
31
Let j be (6 - 50)*(-1)/2. Let h = -40 + j. Let r = -7 - h. What is the remainder when r is divided by 4?
3
Suppose 16*v - 14*v = -4*n + 118, 4*v = -2*n + 260. What is the remainder when v is divided by 36?
31
Suppose -4*o = 148 + 16. Let f = -28 - o. Suppose 19*u = 18 + 58. Calculate the remainder when f is divided by u.
1
Suppose p + 65*t = 60*t + 180, -5*p - 4*t = -963. Calculate the remainder when p is divided by 65.
0
What is the remainder when (206/(-5) + -6)*45/(-6) is divided by 51?
48
Suppose v - 2*v = 62. Let b(h) = -h**3 - 24*h**2 - 58*h - 8. Let c be b(-21). Let s = v - c. Calculate the remainder when s is divided by 18.
15
Suppose -9*f + 1 + 26 = 0. Suppose 0 = 5*z - 0 - 15. Suppose -f*p + 37 = -j, 2*p - z*p + j + 13 = 0. Calculate the remainder when 23 is divided by p.
11
Suppose 5*t - 60 = 40. Let a be 6/(1 - t/28). Suppose -i = -2*i + 5*n + a, 4*i - 21 = -n. What is the remainder when 23 is divided by i?
5
Let y(g) = -2 + 3 + 4 - 1 + g. Let p = -171 + 185. Calculate the remainder when p is divided by y(0).
2
What is the remainder when 102 is divided by ((-280)/16)/(5/(-12))?
18
What is the remainder when 184 is divided by 864/14 + (-44)/(-154)?
60
Let x(d) = -d**3 - 7*d**2 + 7*d - 7. Let p be x(-8). Calculate the remainder when p + -4 + (-3 - -49) is divided by 22.
21
Suppose -5*x - 2*y = -y + 26, -8 = 2*x + y. Let b(o) = -3*o + 14. Calculate the remainder when b(x) is divided by 18.
14
What is the remainder when 13 + -11 + -6 - (-1114)/2 is divided by 13?
7
Let c(k) = -k**3 + 9*k**2 - 6*k - 2. Let l(b) = -4*b + 17. Let v(r) = -r + 6. Let d(i) = -2*l(i) + 7*v(i). Calculate the remainder when c(7) is divided by d(6).
12
Let g = 842 + -760. Calculate the remainder when 240 is divided by g.
76
Suppose 0 = -12*h + 10*h + 8. Suppose f + 429 = h*f. Calculate the remainder when f is divided by 48.
47
Let x = 18 + 1. Suppose -b = 4*o + 2*b - 17, -3*o + 19 = -4*b. Calculate the remainder when x is divided by o.
4
Let u(d) = d + 20. Let p be u(0). Let o = 28 - p. Calculate the remainder when o is divided by (-57)/(-15) - (-1)/5.
0
Let n = 121 + -89. Calculate the remainder when 79 is divided by n.
15
Let r(a) = -a**2 - 4*a + 9. Suppose -2*u = -5 - 1. Suppose -9 = 3*z + u. What is the remainder when r(z) is divided by 3?
0
Let l = 4 + -2. What is the remainder when l is divided by -6 + 5/(35/49)?
0
Suppose 5*a - 142 = -3*l, 4*a - 3*a - 244 = -5*l. What is the remainder when l is divided by 25?
24
Let i(h) = 3*h - 7. Let s be i(3). Let c = s - -6. Let u(x) = 2*x**2 - 2*x + 1. What is the remainder when u(-2) is divided by c?
5
Let z(w) = -2*w + 55. Let l = 31 - -1. Let u = l + -15. What is the remainder when z(-6) is divided by u?
16
Let b = 581 - 433. What is the remainder when b is divided by 19?
15
Suppose -3 = -j - 1. Let a = j - -8. Calculate the remainder when 27 is divided by a.
7
Let r(l) = 17*l + 5. Let c be r(-3). Let q = 215 + c. Calculate the remainder when q is divided by 34.
33
Suppose -34 = -16*n + 46. Let y(m) = 8*m**2 - m. Let x be y(-1). Suppose -n*j = -x*j + 88. What is the remainder when 87 is divided by j?
21
Let d be (-122)/(-3) - 10/15. Suppose 5*p = 20 + d. What is the remainder when 35 is divided by p?
11
Let p = -2497 + 2508. Let t(c) = -c**2 + c + 18. Calculate the remainder when t(0) is divided by p.
7
Let n be -1 + 3 - ((-3)/3 + 1). Suppose -3*t + 2*g + 149 = 0, 3*t - n*g - 145 = -g. What is the remainder when t is divided by 12?
11
Let d = -1562 - -1589. What is the remainder when 118 is divided by d?
10
Let i = -10 - -20. Let v = -8 - -7. Let a(d) = -27*d. Calculate the remainder when a(v) is divided by i.
7
Let t(j) = -j**3 + 7*j**2 + 5*j - 37. Calculate the remainder when 98 is divided by t(6).
11
Let i = -347 + 393. Calculate the remainder when 229 is divided by i.
45
What is the remainder when 1 + -5 + 690/15 is divided by (22/(-4))/(3/(-6))?
9
Suppose 20*u - 6194 = u. Wha